{"id":57,"date":"2012-02-26T08:10:19","date_gmt":"2012-02-26T08:10:19","guid":{"rendered":"http:\/\/www.tv-tuningen.de\/?page_id=57"},"modified":"2018-05-18T08:43:25","modified_gmt":"2018-05-18T08:43:25","slug":"vereinsgeschichte","status":"publish","type":"page","link":"https:\/\/www.tv-tuningen.de\/?page_id=57","title":{"rendered":"Vereinsgeschichte"},"content":{"rendered":"<p><strong>8. Juni 1977<\/strong><\/p>\n<p><a href=\"https:\/\/www.tv-tuningen.de\/wp-content\/uploads\/2012\/02\/geschichte04.jpg\" rel=\"lightbox[57]\"><img loading=\"lazy\" decoding=\"async\" class=\"alignnone size-full wp-image-89\" title=\"geschichte04\" src=\"https:\/\/www.tv-tuningen.de\/wp-content\/uploads\/2012\/02\/geschichte04.jpg\" alt=\"\" width=\"292\" height=\"153\" \/><\/a><\/p>\n<p>8. Juni 1977: So lautet das Gr\u00fcndungsdatum unseres Tennisvereins. 34 B\u00fcrgerinnen und B\u00fcrger waren damals bereit als Gr\u00fcndungsmitglieder dem Verein beizutreten. Werner Nestler wurde damals zum ersten Vorstand gew\u00e4hlt. Zusammen mit den Mitgliedern gelang es ihm innerhalb eines Jahres zwei Tennispl\u00e4tze zu errichten, welche im August 1978 eingeweiht wurden.<br \/>\nWegen des hohen Mitgliederzuwachses entschied man sich, einen dritten Platz zu bauen, welcher zwei Jahre nach der Vereinsgr\u00fcndung eingeweiht wurde.<br \/>\nAls Vereinsheim diente der Wohnwagen der Familie Kohler.\u00a0 Ein paar Jahre sp\u00e4ter wurde eine Autobahnh\u00fctte abgebaut, die dem Tennisverein als Vereinsheim dienen sollte. In m\u00fchevoller Arbeit wurde sie in Tuningen wieder aufgestellt.<br \/>\nDie Mitgliederzahlen entwickelten\u00a0 sich betr\u00e4chtlich: 1981 z\u00e4hlte der Verein 140 Mitglieder, von denen 5 passiv waren.<\/p>\n<p><strong>1984<\/strong><\/p>\n<p><a href=\"https:\/\/www.tv-tuningen.de\/wp-content\/uploads\/2012\/02\/geschichte01.jpg\" rel=\"lightbox[57]\"><img loading=\"lazy\" decoding=\"async\" class=\"alignnone size-full wp-image-86\" title=\"geschichte01\" src=\"https:\/\/www.tv-tuningen.de\/wp-content\/uploads\/2012\/02\/geschichte01.jpg\" alt=\"\" width=\"350\" height=\"169\" srcset=\"https:\/\/www.tv-tuningen.de\/wp-content\/uploads\/2012\/02\/geschichte01.jpg 350w, https:\/\/www.tv-tuningen.de\/wp-content\/uploads\/2012\/02\/geschichte01-300x144.jpg 300w\" sizes=\"auto, (max-width: 350px) 100vw, 350px\" \/><\/a><\/p>\n<p>1984 wurde schlie\u00dflich der vierte Platz (heute Platz 1) gebaut. Aber es standen auch Sommerfeste, Schleifchen- und Juxturniere sowie Schnitzeljagden auf dem Programm. Selbstverst\u00e4ndlich wurden auch j\u00e4hrlich die Vereinsmeisterschaften ausgetragen.<\/p>\n<p><strong>1987- 10-j\u00e4hriges Vereinsjubil\u00e4um<\/strong><\/p>\n<p><a href=\"https:\/\/www.tv-tuningen.de\/wp-content\/uploads\/2012\/02\/geschichte02.jpg\" rel=\"lightbox[57]\"><img loading=\"lazy\" decoding=\"async\" class=\"alignnone size-full wp-image-87\" title=\"geschichte02\" src=\"https:\/\/www.tv-tuningen.de\/wp-content\/uploads\/2012\/02\/geschichte02.jpg\" alt=\"\" width=\"300\" height=\"259\" \/><\/a><\/p>\n<p>1987 stand das 10j\u00e4hrige Jubil\u00e4um des Vereins im Mittelpunkt, das mit einem gro\u00dfen Festabend in der Turn- und Festhalle gefeiert wurde. Zudem konnte ein weiterer Erfolg gefeiert werden: Erich G\u00f6tz und Uwe Oesterle wurden seitens der Gemeinde Tuningen zu den \u201eSportlern des Jahres 1987\u201c gew\u00e4hlt.<\/p>\n<p>Erich G\u00f6tz war 7mal ununterbrochen Vereinsmeister im Herren-Einzel. Des Weiteren war er 1986 Bezirksvizemeister im Herren-Einzel in der Leistungsgruppe B, sowie 1987 Bezirksmeister im Herren-Doppel in der Leistungsgruppe C. Uwe Oesterle wurde 3mal Vizevereinsmeister im Herren-Einzel. Auch er war Bezirksmeister im Herren-Doppel in der Leistungsgruppe C. Erw\u00e4hnt sei zudem, dass beide gro\u00dfe St\u00fctzen und Aush\u00e4ngeschilder f\u00fcr den Tennissport in Tuningen waren.<\/p>\n<p><strong>1988<\/strong><\/p>\n<p>1988 gab Werner Nestler nach 10 Jahren Amtszeit den Posten als 1. Vorsitzender an Eberhard Haf ab. 1990 kam der Wunsch nach sanit\u00e4ren Anlagen auf, was dazu f\u00fchrte, dass sich der Ausschuss mit dem Gedanken auseinander setzte ein neues Vereinsheim inkl. Gastronomiebereich zu bauen.<\/p>\n<p><strong>1990<\/strong><\/p>\n<p>Am 22. Juni 1990 wurde aus diesem Anlass eine au\u00dferordentliche Mitgliederversammlung einberufen. Eberhard Haf unterbreitete den Mitgliedern sein geplantes Konzept. Vielen von ihnen kam der Neubau jedoch zu gro\u00df vor. Nachdem sich keine Mehrheit f\u00fcr das Bauvorhaben gebildet hatte, entschied sich Eberhard Haf zur\u00fcckzutreten. Hans-J\u00fcrgen Krause, damals 2. Vorsitzender, f\u00fchrte das Amt daraufhin kommissarisch weiter. Das Bauvorhaben scheiterte schlie\u00dflich.<\/p>\n<p><strong>1992<\/strong><\/p>\n<p>1992 versuchte Hans-J\u00fcrgen Krause einen neuen Vorstand an Land zu ziehen. Peter Selzer erkl\u00e4rte sich bereit, das Amt des 1. Vorsitzenden zu \u00fcbernehmen und wurde bei der Jahreshaupt-versammlung zusammen mit Klaus B\u00f6hm in die \u201eChefetage\u201c unseres Tennisclubs gew\u00e4hlt. Unter der Regie von Peter Selzer wurden noch im selben Jahr alle 4 Tennispl\u00e4tze saniert.<\/p>\n<p><strong>1993<\/strong><\/p>\n<p><a href=\"https:\/\/www.tv-tuningen.de\/wp-content\/uploads\/2012\/02\/geschichte03.jpg\" rel=\"lightbox[57]\"><img loading=\"lazy\" decoding=\"async\" class=\"alignnone size-full wp-image-88\" title=\"geschichte03\" src=\"https:\/\/www.tv-tuningen.de\/wp-content\/uploads\/2012\/02\/geschichte03.jpg\" alt=\"\" width=\"293\" height=\"200\" \/><\/a><\/p>\n<p>1993 wurde eine eigene Jugendabteilung, welche sich selbst\u00e4ndig verwaltet, gegr\u00fcndet. Zudem konnten unsere jungen Mitglieder stets beim Kinderferienprogramm der Gemeinde Tuningen &#8211; an dem sich der Tennisverein j\u00e4hrlich mit beteiligt &#8211; zeigen, was in ihnen steckt.<\/p>\n<p><strong>1996 &#8211; 1999<\/strong><\/p>\n<p><a href=\"https:\/\/www.tv-tuningen.de\/wp-content\/uploads\/2012\/02\/anlage01.jpg\" rel=\"lightbox[57]\"><img loading=\"lazy\" decoding=\"async\" class=\"alignnone size-medium wp-image-96\" title=\"anlage01\" src=\"https:\/\/www.tv-tuningen.de\/wp-content\/uploads\/2012\/02\/anlage01-300x200.jpg\" alt=\"\" width=\"300\" height=\"200\" srcset=\"https:\/\/www.tv-tuningen.de\/wp-content\/uploads\/2012\/02\/anlage01-300x200.jpg 300w, https:\/\/www.tv-tuningen.de\/wp-content\/uploads\/2012\/02\/anlage01-449x300.jpg 449w, https:\/\/www.tv-tuningen.de\/wp-content\/uploads\/2012\/02\/anlage01.jpg 640w\" sizes=\"auto, (max-width: 300px) 100vw, 300px\" \/><\/a><\/p>\n<p>Als gegen Ende des Jahres 1996 wiederum W\u00fcnsche nach einem Anbau an die Tennish\u00fctte aufkamen, befasste sich der Ausschuss n\u00e4her mit diesem Thema. 1997 wurde die Tennish\u00fctte dann genau unter der Lupe genommen. Der Ausschuss stellte fest, dass eine Sanierung der Tennish\u00fctte nicht rentabel ist.<\/p>\n<p>Man entschied sich daraufhin, ein Konzept f\u00fcr den Neubau eines Vereinsheims auszuarbeiten. Was folgte, war das bisherige \u201eHighlight\u201c in der Vereinsgeschichte. Nach 2 Jahren Bauarbeit in den Jahren 1998 und 1999 wurde am 12. September 1999 unser Tennisheim eingeweiht, dass nun von allen Vereinsmitgliedern genutzt wird.<\/p>\n<p><strong>2002 &#8211; 25-j\u00e4hriges Vereinsjubil\u00e4um<\/strong><\/p>\n<p><a href=\"https:\/\/www.tv-tuningen.de\/wp-content\/uploads\/2012\/02\/geschichte05.jpg\" rel=\"lightbox[57]\"><img loading=\"lazy\" decoding=\"async\" class=\"alignnone size-full wp-image-90\" title=\"geschichte05\" src=\"https:\/\/www.tv-tuningen.de\/wp-content\/uploads\/2012\/02\/geschichte05.jpg\" alt=\"\" width=\"358\" height=\"250\" srcset=\"https:\/\/www.tv-tuningen.de\/wp-content\/uploads\/2012\/02\/geschichte05.jpg 358w, https:\/\/www.tv-tuningen.de\/wp-content\/uploads\/2012\/02\/geschichte05-300x209.jpg 300w\" sizes=\"auto, (max-width: 358px) 100vw, 358px\" \/><\/a><\/p>\n<p>Vom 07. Juni 2002 bis zum 09. Juni 2002 wurde unser 25j\u00e4hriges Vereinsjubil\u00e4um gefeiert. Beim Festakt im Teinosaal wusste &#8222;Gr\u00fcndungsvater&#8220; Werner Nestler in seinem R\u00fcckblick zu berichten,dass in 25 Jahren Vereinsgeschichte so einiges passiert sei. Nach den verschiedenen Gru\u00dfworten folgten &#8211; durchgef\u00fchrt von der Sportkreisvorsitzenden des WLSB, Frau Lehmann &#8211; die Ehrungen von Verbandsseite aus.<\/p>\n<p>Von Vereinsseite aus wurden folgende Mitglieder geehrt: Bronze ging an Max Heinzler, Elke Klein, Maria Klein, Ralf Klein, Hans Kohler, Marianne Kohler, Norbert M\u00fcller, Inge Nestler, Hannelore Oesterle, Heide Weinhold, Gabi Wei\u00df und Volker K\u00fcbler. Silber erhielten: Ulla Bosler, Maria Burgbacher, Heide Jauch, Werner Jauch, Hans-J\u00fcrgen Krause, Ernst Mauch, Erika Moskal, Werner Nestler, Manfred Renz und Peter Selzer.<br \/>\nDass zu so einem Fest auch ein gem\u00fctlicher Teil geh\u00f6rt, versteht sich von selbst. So standen am Samstag und am Sonntag sportliche Aktivit\u00e4ten und ein gem\u00fctliches Miteinander im Mittelpunkt.<\/p>\n<p>Die Juniorinnen begannen mit einen Verbandspiel gegen den TC Wellendingen. Auf den Tennispl\u00e4tzen herrschte ein reges Treiben: Jeder, auch Laien, konnte beim Schnuppertennis den Umgang mit dem gelben Filzball \u00fcben. Auch unsere ehemaligen Spitzenspieler Erich G\u00f6tz, Uwe Oesterle und Walter Mauch zeigten, dass sie nichts verlernt haben. Spitzentennis gab es dann im Schaukampf zwischen Andreas Franz und Dr. Lothar Jakobs vom TC Schwenningen zu sehen. Danach ging es mit musikalischer Unterhaltung und einem geselligen Beisammensein weiter.<br \/>\nDer Sonntag war dann ausgef\u00fcllt mit dem Verbandsspiel der Herren gegen den TC Villingendorf. Beim Fr\u00fchschoppen verfolgten viele Zuschauer die Matches unserer Jungs, so dass rund um die Anlage wieder ein buntes Treiben herrschte. Gegen Abend kehrte dann Ruhe auf den Tennispl\u00e4tzen ein. Irgendwann geht eben jeder Geburtstag einmal zu Ende&#8230;<\/p>\n<p><strong>2003<\/strong><\/p>\n<p><a href=\"https:\/\/www.tv-tuningen.de\/wp-content\/uploads\/2012\/02\/geschichte07.jpg\" rel=\"lightbox[57]\"><img loading=\"lazy\" decoding=\"async\" class=\"alignnone size-full wp-image-91\" title=\"geschichte07\" src=\"https:\/\/www.tv-tuningen.de\/wp-content\/uploads\/2012\/02\/geschichte07.jpg\" alt=\"\" width=\"220\" height=\"250\" \/><\/a><br \/>\nhinten von links: Jakob Mehne, Johannes Klumpp, Ralf Bek<br \/>\nvorne von links: Dennis B\u00f6cher, David Renz<\/p>\n<p>Im Jahr 2003 stand ein weiterer H\u00f6hepunkt in der Vereinsgeschichte an: Die Knaben 1 mit Ralf Bek, Dennis B\u00f6cher, Johannes Klumpp, Jakob Mehne und David Renz errangen in der Bezirksstaffel ungeschlagen den Meistertitel.Damit verbunden war der gleichzeitige Aufstieg in die Bezirksliga. Damit schafften die 5 Jungs das, was zuvor noch keine Jugendmannschaft geschafft hatte. Ein toller Erfolg.<br \/>\nSchon im Jahr zuvor hat sich die Mannschaft erfolgreich in der Bezirksstaffel behaupten k\u00f6nnen. F\u00fcr diesen Erfolg wurden die 5 Tuninger Jungs in der Jahreshauptversammlung von Herrn B\u00fcrgermeister Roth zu den &#8222;Sportlern des Jahres 2003&#8220; der Gemeinde Tuningen geehrt. Als Geschenk \u00fcberreichte Herr Roth jedem eine Urkunde, sowie f\u00fcr die gesamte Mannschaft einen Essensgutschein.<\/p>\n<p><strong>2004 &#8211; 2005<\/strong><\/p>\n<p><a href=\"https:\/\/www.tv-tuningen.de\/wp-content\/uploads\/2012\/02\/geschichte08.jpg\" rel=\"lightbox[57]\"><img loading=\"lazy\" decoding=\"async\" class=\"alignnone size-full wp-image-92\" title=\"geschichte08\" src=\"https:\/\/www.tv-tuningen.de\/wp-content\/uploads\/2012\/02\/geschichte08.jpg\" alt=\"\" width=\"236\" height=\"250\" \/><\/a><br \/>\nUnser Bild zeigt die Siegermannschaft des Sportvereins.<br \/>\nVon links: Alexander Kiefer und Ilja Van Beek mit ihren Kindern.<\/p>\n<p>In den Jahren 2004 und 2005 gelang der Knaben- und der Juniorenmannschaft ebenfalls der Meistertitel. Doch auch au\u00dferhalb der Verbandsrunde gab es meisterliches Tennis zu sehen. Bei den 3. Tuninger Dorfmeisterschaften am 29. Mai 2005 errang die Mannschaft des Tuninger Sportvereins zum dritten Mal in Folge den Turniersieg. Den begehrten Wanderpokal durften die Fu\u00dfballer, die sich gegen 6 weitere Teams durchsetzten, damit behalten.<\/p>\n<p><strong>2006 &#8211; 2007<\/strong><\/p>\n<p><a href=\"https:\/\/www.tv-tuningen.de\/wp-content\/uploads\/2012\/02\/geschichte09.jpg\" rel=\"lightbox[57]\"><img loading=\"lazy\" decoding=\"async\" class=\"alignnone size-full wp-image-93\" title=\"geschichte09\" src=\"https:\/\/www.tv-tuningen.de\/wp-content\/uploads\/2012\/02\/geschichte09.jpg\" alt=\"\" width=\"400\" height=\"150\" srcset=\"https:\/\/www.tv-tuningen.de\/wp-content\/uploads\/2012\/02\/geschichte09.jpg 400w, https:\/\/www.tv-tuningen.de\/wp-content\/uploads\/2012\/02\/geschichte09-300x112.jpg 300w\" sizes=\"auto, (max-width: 400px) 100vw, 400px\" \/><\/a><\/p>\n<p>2006 und 2007 konnte der Tennisverein unter der sportlichen F\u00fchrung des neuen Vereinstrainers, Dejan Kapric, weitere sportliche Erfolge feiern: Die Junioren schafften den Aufstieg in die Verbandsstaffel und spielen nun schon 2 Jahre erfolgreich in der h\u00f6chsten w\u00fcrttembergischen Spielklasse. Die 2. Juniorenmannschaft holte in der 2007er-Saison den Meistertitel und rundete damit den sportlichen Erfolg im Jugendbereich ab. Die Tuninger Herrenmannschaft wollte hier nicht nachstehen und erk\u00e4mpfte sich 2006 und 2007 jeweils den Mistertitel, verbunden mit 2 Aufsteiegn, so dass es im n\u00e4chsten Jahr in der Bezirksklasse 1 weitergeht.<\/p>\n<p><strong>2007 &#8211; 30-j\u00e4hriges Vereinsjubil\u00e4um<\/strong><\/p>\n<p><a href=\"https:\/\/www.tv-tuningen.de\/wp-content\/uploads\/2012\/02\/geschichte10.jpg\" rel=\"lightbox[57]\"><img loading=\"lazy\" decoding=\"async\" class=\"alignnone size-full wp-image-94\" title=\"geschichte10\" src=\"https:\/\/www.tv-tuningen.de\/wp-content\/uploads\/2012\/02\/geschichte10.jpg\" alt=\"\" width=\"453\" height=\"250\" srcset=\"https:\/\/www.tv-tuningen.de\/wp-content\/uploads\/2012\/02\/geschichte10.jpg 453w, https:\/\/www.tv-tuningen.de\/wp-content\/uploads\/2012\/02\/geschichte10-300x165.jpg 300w\" sizes=\"auto, (max-width: 453px) 100vw, 453px\" \/><\/a><\/p>\n<p>Am 22. und 23. September 2007 wurde das 30-j\u00e4hrige Bestehen des Tennisvereins Tuningen mit einem zweit\u00e4gigen Sommerfest mit Doppelturnier in drei verschiedenen Altersklassen gefeiert. Neben dem Tennisbetrieb stand die benachbachbarte Festwiese im Brennpunkt. Dort war am Sonntag das Sport- und Spielmobil des W\u00fcrttembergischen Landessportbundes zu Gast. Mit unz\u00e4hligen, vor allem nicht allt\u00e4glichen, Spielger\u00e4ten und Spielger\u00e4ten an Bord, war hier Langeweile ein Fremdwort. W\u00e4hrend sich hier vor allem die Kinder verkn\u00fcgten, geno\u00dfen die Erwachsenen das sch\u00f6ne Sommerwetter und die Bewirtung vor dem Tennisheim und auf der Sonnenterasse.<\/p>\n","protected":false},"excerpt":{"rendered":"<p>8. Juni 1977 8. Juni 1977: So lautet das Gr\u00fcndungsdatum unseres Tennisvereins. 34 B\u00fcrgerinnen und B\u00fcrger waren damals bereit als Gr\u00fcndungsmitglieder dem Verein beizutreten. Werner Nestler wurde damals zum ersten Vorstand gew\u00e4hlt. Zusammen mit den Mitgliedern gelang es ihm innerhalb &hellip; <a href=\"https:\/\/www.tv-tuningen.de\/?page_id=57\">Weiterlesen <span class=\"meta-nav\">&rarr;<\/span><\/a><\/p>\n","protected":false},"author":2,"featured_media":0,"parent":9,"menu_order":0,"comment_status":"closed","ping_status":"open","template":"sidebar-page.php","meta":{"ngg_post_thumbnail":0,"_mc_calendar":[],"footnotes":""},"class_list":["post-57","page","type-page","status-publish","hentry"],"_links":{"self":[{"href":"https:\/\/www.tv-tuningen.de\/index.php?rest_route=\/wp\/v2\/pages\/57","targetHints":{"allow":["GET"]}}],"collection":[{"href":"https:\/\/www.tv-tuningen.de\/index.php?rest_route=\/wp\/v2\/pages"}],"about":[{"href":"https:\/\/www.tv-tuningen.de\/index.php?rest_route=\/wp\/v2\/types\/page"}],"author":[{"embeddable":true,"href":"https:\/\/www.tv-tuningen.de\/index.php?rest_route=\/wp\/v2\/users\/2"}],"replies":[{"embeddable":true,"href":"https:\/\/www.tv-tuningen.de\/index.php?rest_route=%2Fwp%2Fv2%2Fcomments&post=57"}],"version-history":[{"count":7,"href":"https:\/\/www.tv-tuningen.de\/index.php?rest_route=\/wp\/v2\/pages\/57\/revisions"}],"predecessor-version":[{"id":75,"href":"https:\/\/www.tv-tuningen.de\/index.php?rest_route=\/wp\/v2\/pages\/57\/revisions\/75"}],"up":[{"embeddable":true,"href":"https:\/\/www.tv-tuningen.de\/index.php?rest_route=\/wp\/v2\/pages\/9"}],"wp:attachment":[{"href":"https:\/\/www.tv-tuningen.de\/index.php?rest_route=%2Fwp%2Fv2%2Fmedia&parent=57"}],"curies":[{"name":"wp","href":"https:\/\/api.w.org\/{rel}","templated":true}]}}